 9 and 14750793?
9
What is the highest common factor of 28 and 10316?
4
What is the greatest common factor of 510185 and 376?
47
What is the highest common divisor of 21700 and 100?
100
Calculate the greatest common divisor of 76 and 116945.
19
What is the greatest common factor of 5620 and 596282?
562
Calculate the greatest common factor of 2897699 and 7.
7
Calculate the greatest common divisor of 20947 and 16.
1
What is the highest common factor of 72567 and 198?
99
What is the greatest common factor of 1264 and 3248?
16
What is the highest common divisor of 777 and 507?
3
What is the highest common factor of 202 and 246137?
101
Calculate the highest common factor of 2565 and 96045.
285
What is the greatest common factor of 117 and 29484?
117
Calculate the greatest common divisor of 70844 and 2492.
356
Calculate the greatest common factor of 4480 and 2835.
35
What is the highest common factor of 3741 and 215?
43
Calculate the greatest common divisor of 1947 and 405861.
177
What is the highest common divisor of 56201 and 430?
43
Calculate the greatest common divisor of 239580 and 36.
36
Calculate the highest common divisor of 3402 and 306432.
126
What is the highest common divisor of 1226 and 22?
2
What is the highest common divisor of 29176 and 112?
56
Calculate the highest common divisor of 150304 and 71126.
1342
What is the greatest common factor of 280135 and 2685?
895
What is the highest common divisor of 1046 and 432521?
523
Calculate the highest common factor of 41679 and 39699.
99
What is the greatest common factor of 310 and 57009?
31
What is the greatest common factor of 4420 and 10465?
65
Calculate the greatest common factor of 3306 and 3420.
114
What is the highest common divisor of 891 and 58113?
99
Calculate the greatest common divisor of 2634 and 1130864.
878
Calculate the highest common factor of 134830 and 2224.
278
What is the highest common divisor of 1548 and 860172?
516
What is the greatest common factor of 4368 and 658?
14
Calculate the highest common factor of 15 and 458970.
15
What is the highest common factor of 265 and 20723?
53
What is the highest common divisor of 782 and 3266?
46
Calculate the highest common divisor of 19570 and 95.
95
Calculate the highest common divisor of 1480 and 35890.
370
Calculate the highest common divisor of 78520 and 832.
104
Calculate the highest common divisor of 41220 and 1410.
30
Calculate the greatest common factor of 680 and 5269490.
170
Calculate the highest common factor of 37 and 266141.
37
Calculate the greatest common divisor of 108 and 45954.
54
Calculate the highest common factor of 5985 and 1170.
45
What is the greatest common divisor of 195768 and 243?
9
What is the greatest common divisor of 1092 and 9023?
7
What is the greatest common divisor of 1359 and 45?
9
Calculate the greatest common divisor of 533115 and 10395.
1485
Calculate the highest common divisor of 1027341 and 3545.
709
What is the highest common divisor of 1106567 and 1617?
539
What is the highest common factor of 1782 and 37158?
66
Calculate the highest common divisor of 6962 and 472.
118
What is the highest common divisor of 7739 and 82949?
109
Calculate the highest common divisor of 478188 and 740.
148
What is the highest common factor of 18 and 27358?
2
What is the greatest common factor of 57030 and 12?
6
Calculate the highest common divisor of 31 and 1164019.
31
Calculate the greatest common divisor of 1072 and 3484.
268
Calculate the greatest common factor of 153 and 24849.
9
What is the greatest common factor of 424260 and 4980?
60
What is the highest common divisor of 12 and 2554404?
12
What is the highest common factor of 16 and 276592?
16
What is the greatest common factor of 209 and 1957?
19
Calculate the highest common factor of 540 and 5130.
270
Calculate the greatest common factor of 4452 and 1428.
84
Calculate the greatest common divisor of 172 and 472.
4
What is the greatest common divisor of 876 and 1533?
219
Calculate the highest common factor of 553 and 322162.
79
Calculate the greatest common factor of 47574 and 135.
27
What is the greatest common divisor of 6597444 and 252?
84
Calculate the highest common divisor of 54 and 51462.
54
Calculate the greatest common divisor of 154 and 178717.
77
Calculate the greatest common factor of 4912 and 23025.
307
What is the highest common factor of 608750 and 5625?
625
Calculate the greatest common divisor of 6 and 114240.
6
What is the greatest common divisor of 1232 and 29876?
308
What is the greatest common divisor of 157192 and 588?
196
Calculate the greatest common divisor of 208 and 14992.
16
Calculate the greatest common divisor of 133 and 2135.
7
Calculate the greatest common factor of 538905 and 370.
185
What is the highest common factor of 2 and 249958?
2
Calculate the highest common factor of 1432 and 879964.
716
What is the greatest common factor of 3468768 and 368?
368
Calculate the greatest common factor of 1445 and 855.
5
What is the highest common factor of 113795 and 1100?
55
What is the highest common divisor of 3300 and 33528?
132
What is the greatest common factor of 3262 and 42?
14
Calculate the greatest common factor of 38 and 192242.
38
Calculate the greatest common divisor of 53 and 6243.
1
Calculate the highest common divisor of 577374 and 5126.
466
Calculate the greatest common factor of 2664 and 192.
24
Calculate the highest common divisor of 995 and 1015895.
995
Calculate the highest common factor of 26 and 245453.
13
What is the greatest common factor of 832 and 6903?
13
Calculate the greatest common divisor of 306 and 32742.
306
What is the greatest common divisor of 8551 and 476?
17
Calculate the highest common divisor of 378 and 104412.
42
What is the greatest common divisor of 511 and 4333?
7
What is the greatest common factor of 235380 and 36?
12
Calculate the greatest common divisor of 224346 and 2502.
834
Calculate the greatest common divisor of 385784 and 996.
332
What is the greatest common divisor of 217776 and 1716?
156
Calculate the highest common factor of 4347 and 2737.
161
Calculate the highest common divisor of 365 and 253.
1
What is the greatest common factor of 271513 and 22?
11
What is the highest common factor of 7596 and 27?
9
What is the highest common divisor of 37560 and 120?
120
Calculate the highest common divisor of 444948 and 56.
28
What is the highest common divisor of 2210 and 271150?
170
Calculate the highest common factor of 29967 and 13.
1
What is the greatest common divisor of 200 and 467025?
25
What is the highest common factor of 16 and 80144?
16
What is the greatest common divisor of 1052469 and 396?
99
Calculate the greatest common factor of 96 and 43808.
32
Calculate the greatest common divisor of 14 and 234.
2
Calculate the highest common factor of 3501 and 4149.
9
Calculate the highest common divisor of 746985 and 1425.
285
What is the highest common factor of 277420 and 4?
4
What is the greatest common divisor of 174 and 166083?
87
Calculate the greatest common factor of 1211 and 854.
7
What is the greatest common divisor of 62621 and 104?
13
What is the highest common factor of 559 and 11973?
13
What is the highest common divisor of 60 and 3552?
12
Calculate the greatest common factor of 25701 and 39.
39
What is the greatest common factor of 196000 and 125?
125
What is the greatest common divisor of 30 and 14380?
10
Calculate the highest common divisor of 300852 and 488.
244
What is the highest common factor of 3740 and 109230?
110
Calculate the highest common factor of 2915 and 432795.
55
Calculate the highest common divisor of 15145 and 559.
13
Calculate the highest common divisor of 681 and 1186983.
681
Calculate the highest common factor of 726239 and 97.
97
Calculate the greatest common divisor of 956 and 84.
4
Calculate the greatest common divisor of 27 and 4017.
3
Calculate the greatest common divisor of 891 and 13689.
81
Calculate the greatest common divisor of 19512 and 1080.
72
What is the highest common factor of 4465 and 6016?
47
What is the greatest common divisor of 299 and 124982?
299
What is the highest common factor of 247 and 93067?
13
Calculate the highest common divisor of 98040 and 688.
344
What is the highest common factor of 5285 and 11?
1
What is 